{"id":56,"date":"2026-03-16T21:35:31","date_gmt":"2026-03-16T20:35:31","guid":{"rendered":"https:\/\/www.collabro.no\/?page_id=56"},"modified":"2026-03-16T21:36:09","modified_gmt":"2026-03-16T20:36:09","slug":"om-oss-collabro-as","status":"publish","type":"page","link":"https:\/\/www.collabro.no\/index.php\/om-oss-collabro-as\/","title":{"rendered":"Om oss: Collabro AS"},"content":{"rendered":"\n<p>Collabro AS har samlet over 120 \u00e5rs erfaring med \u00e5 utvikle og levere effektive samhandlings plattformer som gir optimale forutsetninger for samarbeid \u2013 b\u00e5de internt i organisasjoner og eksternt med kunder og leverand\u00f8rer. V\u00e5r kompetanse spenner over teknologi, implementering og r\u00e5dgivning, og gj\u00f8r oss i stand til \u00e5 etablere l\u00f8sninger som styrker kommunikasjon, struktur og informasjonsflyt i moderne virksomheter.<\/p>\n\n\n\n<p>Vi har et tydelig fokus p\u00e5 plattformer basert p\u00e5 \u00e5pen kildekode og benytter utelukkende europeisk teknologi. Dette gir v\u00e5re kunder st\u00f8rre kontroll, transparens og uavhengighet i sine digitale samhandlings l\u00f8sninger.<\/p>\n\n\n\n<p>Alle dokumenter lagres i Norge og kan krypteres for \u00e5 sikre h\u00f8yeste niv\u00e5 av datasikkerhet og personvern. Hver kunde f\u00e5r sin egen dedikerte instans i en privat sky-l\u00f8sning, noe som gir full isolasjon, h\u00f8y sikkerhet og optimal ytelse.<\/p>\n\n\n\n<p>Med Collabro AS f\u00e5r virksomheter en trygg, fremtidsrettet og sikker plattform for digital samhandling.<\/p>\n","protected":false},"excerpt":{"rendered":"<p>Collabro AS har samlet over 120 \u00e5rs erfaring med \u00e5 utvikle og levere effektive samhandlings plattformer som gir optimale forutsetninger for samarbeid \u2013 b\u00e5de internt i organisasjoner og eksternt med kunder og leverand\u00f8rer. V\u00e5r kompetanse spenner over teknologi, implementering og r\u00e5dgivning, og gj\u00f8r oss i stand til \u00e5 etablere l\u00f8sninger som styrker kommunikasjon, struktur og [&hellip;]<\/p>\n","protected":false},"author":1,"featured_media":0,"parent":0,"menu_order":0,"comment_status":"closed","ping_status":"closed","template":"","meta":{"footnotes":""},"class_list":["post-56","page","type-page","status-publish","hentry"],"_links":{"self":[{"href":"https:\/\/www.collabro.no\/index.php\/wp-json\/wp\/v2\/pages\/56","targetHints":{"allow":["GET"]}}],"collection":[{"href":"https:\/\/www.collabro.no\/index.php\/wp-json\/wp\/v2\/pages"}],"about":[{"href":"https:\/\/www.collabro.no\/index.php\/wp-json\/wp\/v2\/types\/page"}],"author":[{"embeddable":true,"href":"https:\/\/www.collabro.no\/index.php\/wp-json\/wp\/v2\/users\/1"}],"replies":[{"embeddable":true,"href":"https:\/\/www.collabro.no\/index.php\/wp-json\/wp\/v2\/comments?post=56"}],"version-history":[{"count":2,"href":"https:\/\/www.collabro.no\/index.php\/wp-json\/wp\/v2\/pages\/56\/revisions"}],"predecessor-version":[{"id":58,"href":"https:\/\/www.collabro.no\/index.php\/wp-json\/wp\/v2\/pages\/56\/revisions\/58"}],"wp:attachment":[{"href":"https:\/\/www.collabro.no\/index.php\/wp-json\/wp\/v2\/media?parent=56"}],"curies":[{"name":"wp","href":"https:\/\/api.w.org\/{rel}","templated":true}]}}